111
What are the prime factors of 2636580547?
2636580547
List the prime factors of 676353777.
3, 11, 20495569
List the prime factors of 4127024687.
83, 49723189
List the prime factors of 2131084832.
2, 31, 103, 20857
What are the prime factors of 53035250?
2, 5, 212141
What are the prime factors of 6238578809?
131, 47622739
What are the prime factors of 41870089?
43, 131, 7433
List the prime factors of 27862444.
2, 887, 7853
List the prime factors of 14943878.
2, 7471939
What are the prime factors of 129827431?
129827431
List the prime factors of 430522907.
430522907
List the prime factors of 204875208.
2, 3, 83, 34283
What are the prime factors of 372863951?
372863951
List the prime factors of 67594768.
2, 4224673
What are the prime factors of 45268499?
137, 330427
List the prime factors of 13691359.
11, 521, 2389
What are the prime factors of 124456496?
2, 23, 338197
List the prime factors of 214924807.
214924807
What are the prime factors of 53145272?
2, 23, 288833
List the prime factors of 419083951.
11, 13, 2930657
What are the prime factors of 126880644?
2, 3, 11, 31, 101, 307
List the prime factors of 4409165446.
2, 7, 314940389
List the prime factors of 193005626.
2, 11, 8772983
What are the prime factors of 39195863?
7, 17, 227, 1451
What are the prime factors of 35073261?
3, 17, 229237
What are the prime factors of 2366903553?
3, 7, 112709693
List the prime factors of 219215154.
2, 3, 36535859
List the prime factors of 23834361.
3, 7944787
What are the prime factors of 24024563?
4831, 4973
List the prime factors of 175233726.
2, 3, 73, 44453
List the prime factors of 2213165210.
2, 5, 221316521
What are the prime factors of 465440194?
2, 232720097
What are the prime factors of 2008272263?
2008272263
List the prime factors of 50246407.
17, 37, 127
What are the prime factors of 73530195?
3, 5, 23, 213131
What are the prime factors of 267818336?
2, 8369323
List the prime factors of 173334617.
461, 375997
List the prime factors of 531969803.
367, 1449509
What are the prime factors of 6568727086?
2, 3673, 894191
List the prime factors of 487055382.
2, 3, 11, 79, 109, 857
List the prime factors of 117897174.
2, 3, 2183281
What are the prime factors of 3360016021?
89, 37752989
What are the prime factors of 175515802?
2, 7, 11, 1139713
What are the prime factors of 88547570?
2, 5, 8854757
List the prime factors of 1042172399.
41, 25418839
What are the prime factors of 54502059?
3, 761, 23873
List the prime factors of 53569636.
2, 37, 283, 1279
List the prime factors of 323076594.
2, 3, 53846099
What are the prime factors of 989203?
127, 7789
What are the prime factors of 286580273?
7, 835511
List the prime factors of 302209219.
13, 23246863
What are the prime factors of 9057656?
2, 877, 1291
List the prime factors of 157042554.
2, 3, 26173759
What are the prime factors of 7827474938?
2, 3347, 1169327
List the prime factors of 77636102.
2, 131, 257, 1153
List the prime factors of 3346330816.
2, 47, 1112477
List the prime factors of 2693119572.
2, 3, 11, 13, 149, 3511
List the prime factors of 25758745.
5, 193, 26693
List the prime factors of 80095561.
7, 13, 53, 16607
List the prime factors of 3178488481.
7, 454069783
List the prime factors of 945759638.
2, 472879819
List the prime factors of 11286716.
2, 7, 403097
What are the prime factors of 5330507881?
127, 911, 46073
What are the prime factors of 7394768?
2, 29, 15937
List the prime factors of 315913044.
2, 3, 26326087
List the prime factors of 121447350.
2, 3, 5, 157, 191
What are the prime factors of 79526240?
2, 5, 643, 773
List the prime factors of 286094934.
2, 3, 1627, 9769
List the prime factors of 782052489.
3, 3218323
What are the prime factors of 590112947?
73, 8083739
List the prime factors of 1979900273.
13, 101, 1507921
List the prime factors of 461700563.
461700563
List the prime factors of 3767985711.
3, 7, 257, 409, 569
List the prime factors of 7151401.
7151401
What are the prime factors of 2456126459?
17, 197, 733391
What are the prime factors of 2987424831?
3, 995808277
What are the prime factors of 156853426?
2, 78426713
What are the prime factors of 21252709?
73, 347, 839
What are the prime factors of 1854098?
2, 927049
What are the prime factors of 1072307549?
97, 1777, 6221
What are the prime factors of 2189561629?
2189561629
List the prime factors of 195230776.
2, 13, 19, 98801
What are the prime factors of 5339252384?
2, 23, 7254419
List the prime factors of 43783470.
2, 3, 5, 31, 5231
List the prime factors of 428903880.
2, 3, 5, 17, 210247
What are the prime factors of 127848130?
2, 5, 223, 57331
What are the prime factors of 2515923460?
2, 5, 125796173
List the prime factors of 10415219.
10415219
What are the prime factors of 1698?
2, 3, 283
What are the prime factors of 3670806054?
2, 3, 611801009
List the prime factors of 110905098.
2, 3, 79, 83, 2819
List the prime factors of 982415795.
5, 196483159
What are the prime factors of 16115183?
7, 2302169
What are the prime factors of 1034522089?
19, 54448531
What are the prime factors of 218325329?
67, 3258587
What are the prime factors of 1476961018?
2, 13, 107, 521, 1019
What are the prime factors of 5257494504?
2, 3, 4261, 17137
What are the prime factors of 1651280055?
3, 5, 23, 251, 19069
List the prime factors of 7921186348.
2, 43, 337, 136657
List the prime factors of 3416762669.
37, 229, 403253
What are the prime factors of 235739308?
2, 7, 19, 347, 1277
List the prime factors of 1235633122.
2, 43, 397, 36191
List the prime factors of 49216662.
2, 3, 11, 248569
What are the prime factors of 4812200251?
17, 283070603
List the prime factors of 102566995.
5, 617, 33247
List the prime factors of 1431734070.
2, 3, 5, 13, 31, 118423
List the prime factors of 6496550321.
503, 887, 14561
What are the prime factors of 184549249?
43, 4291843
What are the prime factors of 71002371?
3, 11, 37, 58151
What are the prime factors of 10153084?
2, 61, 41611
List the prime factors of 1223223164.
2, 59, 1213, 4273
List the prime factors of 79346465.
5, 11, 29, 49747
List the prime factors of 195288878.
2, 19, 277, 18553
List the prime factors of 34587271.
1039, 33289
What are the prime factors of 414872808?
2, 3, 7, 131, 2693
What are the prime factors of 1764122479?
7, 59, 569, 7507
What are the prime factors of 175798982?
2, 19, 23, 71, 2833
What are the prime factors of 250793518?
2, 23, 5452033
List the prime factors of 1623930393.
3, 541310131
What are the prime factors of 159936333?
3, 191, 279121
List the prime factors of 26223931.
2503, 10477
List the prime factors of 598806500.
2, 5, 29, 61, 677
List the prime factors of 269002931.
19, 53, 267133
What are the prime factors of 4835851454?
2, 7, 191, 258353
What are the prime factors of 1682148436?
2, 17, 2539, 9743
List the prime factors of 102380093.
102380093
What are the prime factors of 5015718?
2, 3, 278651
What are the prime factors of 314421325?
5, 59, 3613
List the prime factors of 470226820.
2, 5, 7, 19, 176777
What are the prime factors of 576054765?
3, 5, 11, 13, 89519
List the prime factors of 237585367.
19, 211, 59263
List the prime factors of 6177340.
2, 5, 13, 23, 1033
List the prime factors of 20090508.
2, 3, 1674209
What are the prime factors of 51573628?
2, 1019, 12653
What are the prime factors of 165030389?
165030389
What are the prime factors of 14401378?
2, 827, 8707
List the prime factors of 103894734.
2, 3, 53, 239, 1367
List the prime factors of 3444826806.
2, 3, 19, 41, 337
What are the prime factors of 95266006?
2, 11, 113, 38321
List the prime factors of 513141918.
2, 3, 887, 96419
What are the prime factors of 50220700?
2, 5, 139, 3613
List the prime factors of 13280057.
7, 29, 65419
What are the prime factors of 2804748958?
2, 11, 127488589
List the prime factors of 753999359.
53, 14226403
What are the prime factors of 372558739?
7, 457, 116461
What are the prime factors of 157488776?
2, 19686097
List the prime factors of 127059914.
2, 63529957
List the prime factors of 55223849.
61, 173, 5233
List the prime factors of 5179859080.
2, 5, 11, 11772407
What are the prime factors of 29214943?
109, 433, 619
List the prime factors of 483855068.
2, 31, 37, 163, 647
List the prime factors of 18750369.
3, 11, 568193
List the prime factors o